952 a multiple of 425?
False
Does 1192 divide 675027216?
True
Is 27 a factor of 2048913676?
False
Does 96 divide 48334176?
True
Is 9 a factor of 143565476?
False
Is 20598431 a multiple of 113?
True
Is 2152 a factor of 211067502?
False
Does 3 divide 11618948?
False
Does 291 divide 22283267?
False
Is 282974805 a multiple of 951?
True
Is 31249121 a multiple of 67?
False
Is 5729646 a multiple of 377?
True
Does 573 divide 49002960?
True
Is 11501413 a multiple of 121?
True
Does 17 divide 433200837?
False
Is 55 a factor of 28394245?
True
Does 15 divide 12682155?
True
Does 944 divide 11345082?
False
Is 81 a factor of 490064707?
False
Is 48910526 a multiple of 778?
True
Is 1095421721 a multiple of 340?
False
Is 493060418 a multiple of 1390?
False
Is 54752842 a multiple of 1795?
False
Is 879 a factor of 79148037?
False
Is 646 a factor of 30793356?
False
Is 16168759 a multiple of 350?
False
Is 1000149696 a multiple of 5?
False
Is 23 a factor of 29251423?
True
Is 216 a factor of 172847304?
True
Is 293871906 a multiple of 522?
True
Is 711 a factor of 3776539?
False
Is 881901384 a multiple of 312?
True
Is 28 a factor of 754914587?
False
Does 167 divide 40574910?
False
Does 1065 divide 1373043795?
True
Does 241 divide 31018322?
False
Is 208110210 a multiple of 23?
True
Is 1699 a factor of 39093990?
True
Does 21 divide 64431808?
False
Is 707 a factor of 9415977?
False
Does 3 divide 57373851?
True
Is 674438154 a multiple of 6?
True
Is 19 a factor of 44229112?
True
Is 93156833 a multiple of 14?
False
Is 8979 a factor of 65939573?
False
Is 13967005 a multiple of 47?
False
Is 425032036 a multiple of 3278?
True
Is 137 a factor of 159936951?
True
Is 571 a factor of 10465037?
False
Is 33370492 a multiple of 2783?
False
Is 211273311 a multiple of 201?
True
Does 41 divide 14358774?
True
Does 55 divide 16832585?
True
Does 126 divide 258705846?
True
Does 295 divide 548685030?
False
Does 22 divide 366054?
False
Does 41 divide 427503187?
True
Is 19 a factor of 58720779?
False
Is 79924019 a multiple of 13?
False
Does 39 divide 246051803?
False
Is 11 a factor of 429195?
False
Is 1346 a factor of 20878338?
False
Does 4143 divide 11213665?
False
Is 192173499 a multiple of 639?
True
Is 582 a factor of 472843572?
True
Does 9684 divide 1424101488?
False
Is 91927430 a multiple of 85?
False
Does 21 divide 171094980?
True
Does 55 divide 6071922?
False
Is 183845024 a multiple of 437?
False
Does 4152 divide 741140304?
True
Is 12726177 a multiple of 2079?
False
Is 843511883 a multiple of 3083?
True
Is 342 a factor of 121581000?
True
Is 61 a factor of 138964649?
True
Is 272 a factor of 429315753?
False
Is 55 a factor of 240522950?
False
Does 59 divide 318567196?
True
Is 8264 a factor of 243044240?
True
Is 163 a factor of 8281111?
False
Is 4221900 a multiple of 18?
True
Is 10 a factor of 74735757?
False
Is 1409 a factor of 234818567?
False
Is 1831268866 a multiple of 238?
True
Is 989679926 a multiple of 18?
False
Is 3591235567 a multiple of 136?
False
Is 19 a factor of 31486055?
False
Is 14 a factor of 443734592?
True
Is 772183974 a multiple of 110?
False
Is 269608 a multiple of 195?
False
Is 24563590 even?
True
Does 843 divide 14710651?
False
Does 17 divide 3012415402?
True
Is 64751589 a multiple of 189?
True
Does 872 divide 131772725?
False
Is 281 a factor of 5351926?
True
Is 206366688 a multiple of 144?
True
Is 142753611 a multiple of 273?
True
Is 172 a factor of 27681508?
True
Is 1117060 a multiple of 79?
True
Does 38 divide 10335449?
False
Is 464 a factor of 240384480?
True
Does 45 divide 52069410?
True
Does 908 divide 491072732?
True
Is 50 a factor of 244784350?
True
Is 983442177 a multiple of 223?
False
Is 15 a factor of 208283895?
True
Does 242 divide 12886258?
True
Is 542363936 a multiple of 4733?
True
Is 12289 a factor of 3261365399?
False
Is 22731758 a multiple of 14?
True
Does 16 divide 215723223?
False
Does 408 divide 357417377?
False
Is 62414715 a multiple of 285?
True
Is 91450553 a multiple of 13?
False
Is 52494912 a multiple of 288?
True
Is 98747132 a multiple of 242?
True
Is 9 a factor of 1134925767?
True
Is 57237435 a multiple of 243?
True
Does 712 divide 29897927?
False
Is 83 a factor of 4871714?
False
Is 124298475 a multiple of 25?
True
Is 1071678991 a multiple of 28?
False
Is 31437195 a multiple of 15?
True
Is 1833 a factor of 23841613?
False
Does 14 divide 43079260?
True
Is 383540460 a multiple of 19?
True
Does 934 divide 4463586?
True
Is 71 a factor of 67640730?
False
Is 2279415384 a multiple of 1916?
True
Is 158314656 a multiple of 32?
True
Is 825511 a multiple of 19?
False
Is 265158158 a multiple of 4953?
False
Does 46 divide 29252734?
True
Is 210 a factor of 1176563010?
True
Is 1208340 a multiple of 2?
True
Is 1732154 a multiple of 44?
False
Is 193406619 a multiple of 547?
True
Is 67447590 a multiple of 186?
False
Is 19714756 a multiple of 1993?
True
Does 277 divide 1131030061?
False
Is 126809562 a multiple of 22?
True
Is 2303 a factor of 1895804267?
True
Does 71 divide 560281022?
True
Does 7 divide 10142109?
False
Is 626333543 a multiple of 8?
False
Does 12 divide 6307812?
True
Is 58644455 a multiple of 95?
False
Is 41054197 a multiple of 77?
False
Does 18 divide 94329666?
True
Is 3 a factor of 863928433?
False
Does 377 divide 70917847?
True
Does 483 divide 30299327?
False
Is 103 a factor of 19894220?
False
Does 17 divide 42790462?
True
Is 1024 a factor of 24019704?
False
Is 1417 a factor of 68868138?
False
Is 14 a factor of 12219774?
True
Is 54823392 a multiple of 1248?
True
Is 41467411 a multiple of 28?
False
Is 7 a factor of 81047974?
True
Does 91 divide 20071688?
True
Is 488036436 a multiple of 1302?
False
Does 22 divide 982135700?
False
Is 10 a factor of 74504580?
True
Is 56317144 a multiple of 445?
False
Is 677477788 a multiple of 26?
True
Is 637643546 a multiple of 26?
False
Is 5 a factor of 1375058390?
True
Does 430 divide 403765270?
True
Does 483 divide 16825788?
True
Is 350368089 a multiple of 9?
False
Is 474827870 a multiple of 3?
False
Does 61 divide 600935522?
True
Is 68 a factor of 63114714?
False
Is 174 a factor of 1118801208?
True
Is 1040552012 a multiple of 913?
False
Is 13636295 a multiple of 137?
True
Does 6857 divide 1958934350?
False
Is 52647748 a multiple of 932?
True
Does 4 divide 158949704?
True
Is 398913068 a multiple of 5167?
True
Is 1777741 a multiple of 4?
False
Is 151938997 a multiple of 10?
False
Is 6132 a factor of 1938429444?
True
Does 101 divide 60882854?
False
Does 4 divide 303030975?
False
Is 13 a factor of 1711996?
True
Is 6329232 a multiple of 252?
True
Is 6 a factor of 94665346?
False
Is 82158158 a multiple of 3456?
False
Is 15 a factor of 8239020?
True
Is 4925918158 a multiple of 634?
True
Is 60 a factor of 14159880?
True
Is 929 a factor of 4392144095?
False
Does 165 divide 2396460?
True
Is 75 a factor of 3173370450?
True
Is 436 a factor of 142929956?
True
Does 43 divide 83428987?
True
Does 100 divide 43997705?
False
Is 36991392 a multiple of 24?
True
Does 4154 divide 527512854?
False
Is 3247 a factor of 36772275?
True
Does 140 divide 10396400?
True
Does 79 divide 38339894?
False
Is 16 a factor of 1562350784?
True
Is 7905748 a multiple of 2?
True
Is 2466150 a multiple of 4?
False
Is 601 a factor of 12512820?
True
Does 53 divide 38063303?
False
Is 65234391 a multiple of 131?
False
Is 42124614 a multiple of 49?
True
Does 11 divide 5820771?
True
Is 528 a factor of 36791040?
True
Is 12 a factor of 1380168372?
True
Is 197 a factor of 380029548?
True
Is 3046 a factor of 1130954953?
False
Is 25 a factor of 14592625?
True
Does 2010 divide 421601589?
False
Does 850 divide 4141406550?
True
Is 6 a factor of 4859324?
False
Is 61 a factor of 1320589?
True
Does 479 divide 236449249?
True
Is 114 a factor of 1225446125?
False
Does 1830 divide 3556160364?
False
Does 1341 divide 3592539?
True
Is 132112729 a multiple of 163?
False
Is 200 a factor of 15550989?
False
Is 286888836 a multiple of 996?
True
Is 3162686598 a multiple of 12?
False
Is 293062644 a multiple of 3108?
True
Is 8569788 a multiple of 6?
True
Does 275 divide 24299700?
False
Is 10207883 a multiple of 47?
True
Is 13980264 a multiple of 24?
True
Does 37 divide 386934826?
True
Does 21 divide 15973230?
True
Is 61171695 a multiple of 85?
True
Does 9 divide 680467032?
True
Is 